 84299 prime?
True
Is 1234001 prime?
True
Is 188911 prime?
True
Is 37 a composite number?
False
Is 2147 a composite number?
True
Is 2509 a composite number?
True
Is 1655 a prime number?
False
Is 166714 composite?
True
Is 179099 a prime number?
True
Is 7433 a prime number?
True
Is 1366 composite?
True
Is 32003 a prime number?
True
Is 9413 composite?
False
Is 62329 composite?
True
Is 487223 composite?
True
Is 707545 a prime number?
False
Is 112241 a composite number?
False
Is 59141 composite?
False
Is 505277 prime?
True
Is 5557 a prime number?
True
Is 20467 a prime number?
False
Is 92509 composite?
True
Is 90655 prime?
False
Is 89363 prime?
True
Is 25219 a composite number?
False
Is 1211 prime?
False
Is 519011 a composite number?
False
Is 236663 prime?
False
Is 1769 a prime number?
False
Is 306623 composite?
True
Is 91283 prime?
True
Is 26387 composite?
False
Is 753 a composite number?
True
Is 511501 a composite number?
True
Is 5227 a composite number?
False
Is 33193 a prime number?
False
Is 185591 composite?
True
Is 251033 a composite number?
False
Is 297227 a composite number?
True
Is 5923 composite?
False
Is 1396183 prime?
True
Is 15467 composite?
False
Is 68569 a prime number?
False
Is 222379 composite?
False
Is 871735 composite?
True
Is 2707 a composite number?
False
Is 10301 a prime number?
True
Is 25841 composite?
False
Is 23299 composite?
True
Is 98607 composite?
True
Is 97741 a prime number?
False
Is 33961 composite?
False
Is 1009 prime?
True
Is 50689 a prime number?
False
Is 291619 prime?
True
Is 807197 composite?
False
Is 23399 prime?
True
Is 767 a composite number?
True
Is 4468729 composite?
False
Is 16493 composite?
False
Is 363983 prime?
False
Is 36026 composite?
True
Is 46923 a composite number?
True
Is 47629 prime?
True
Is 2267 prime?
True
Is 5669 composite?
False
Is 5998 a composite number?
True
Is 16457 a prime number?
False
Is 227827 composite?
False
Is 3967 a prime number?
True
Is 507911 composite?
True
Is 63907 a prime number?
True
Is 359059 composite?
True
Is 11359 a composite number?
True
Is 38063 prime?
False
Is 3631 a composite number?
False
Is 1397 prime?
False
Is 1571 prime?
True
Is 2327 composite?
True
Is 259949 composite?
False
Is 142657 a prime number?
True
Is 74563 composite?
True
Is 94747 prime?
True
Is 1806407 prime?
True
Is 136463 composite?
False
Is 62617 prime?
True
Is 7793 prime?
True
Is 27611 composite?
False
Is 47 a composite number?
False
Is 334931 a prime number?
True
Is 3793 prime?
True
Is 20003 composite?
True
Is 2609 a prime number?
True
Is 171383 a composite number?
False
Is 2111 a composite number?
False
Is 139 prime?
True
Is 134699 composite?
False
Is 2963 a prime number?
True
Is 1835 composite?
True
Is 136931 composite?
True
Is 3946123 composite?
False
Is 44389 a composite number?
False
Is 60437 prime?
False
Is 33753 composite?
True
Is 2503 a composite number?
False
Is 5793 a prime number?
False
Is 11777 prime?
True
Is 629817 prime?
False
Is 482387 prime?
True
Is 893 composite?
True
Is 468199 a prime number?
True
Is 19457 a prime number?
True
Is 144511 prime?
True
Is 4091 a prime number?
True
Is 491081 a prime number?
True
Is 10057 a prime number?
False
Is 295993 a composite number?
False
Is 88717 a composite number?
True
Is 6769 a composite number?
True
Is 1406237 prime?
False
Is 1223519 composite?
True
Is 40249 prime?
False
Is 48487 a prime number?
True
Is 28151 composite?
False
Is 669 a composite number?
True
Is 95131 a composite number?
False
Is 236695 a composite number?
True
Is 39734 a composite number?
True
Is 11477 prime?
False
Is 17249 composite?
True
Is 102013 a prime number?
True
Is 10639 composite?
False
Is 75967 composite?
False
Is 13809 prime?
False
Is 13479 a prime number?
False
Is 462459 prime?
False
Is 63445 composite?
True
Is 58119 prime?
False
Is 195997 a prime number?
True
Is 844957 composite?
False
Is 7451 prime?
True
Is 17899 composite?
True
Is 33 prime?
False
Is 338678 composite?
True
Is 6805 prime?
False
Is 1163 a prime number?
True
Is 7666 composite?
True
Is 1259 prime?
True
Is 589337 prime?
False
Is 320821 a composite number?
False
Is 36427 a prime number?
False
Is 4229 a composite number?
False
Is 5021 a prime number?
True
Is 6869407 a prime number?
True
Is 474307 composite?
False
Is 2553721 a composite number?
True
Is 698969 composite?
True
Is 11819 a prime number?
False
Is 22189 composite?
False
Is 24443 composite?
False
Is 13217 prime?
True
Is 9719 composite?
False
Is 2748611 a prime number?
False
Is 949 a composite number?
True
Is 8009 a composite number?
False
Is 4835 composite?
True
Is 93 prime?
False
Is 561599 a prime number?
True
Is 116353 composite?
True
Is 1199155 composite?
True
Is 824767 a composite number?
True
Is 505193 prime?
False
Is 2221 composite?
False
Is 6983 a prime number?
True
Is 1794179 composite?
False
Is 300129 a prime number?
False
Is 94477 composite?
False
Is 86447 a composite number?
True
Is 248437 composite?
True
Is 319 a prime number?
False
Is 169151 a prime number?
True
Is 3826 prime?
False
Is 302563 prime?
True
Is 15121 a prime number?
True
Is 581981 a composite number?
False
Is 466913 composite?
False
Is 34667 composite?
False
Is 724871 a prime number?
False
Is 12003 prime?
False
Is 534283 composite?
False
Is 17707 prime?
True
Is 5497 prime?
False
Is 1985 a prime number?
False
Is 54029 a composite number?
True
Is 427709 a composite number?
True
Is 173081 composite?
False
Is 3977 composite?
True
Is 991 a composite number?
False
Is 35 a composite number?
True
Is 93169 prime?
True
Is 214211 a composite number?
False
Is 66029 a prime number?
True
Is 14983 prime?
True
Is 5623 a composite number?
False
Is 6439 composite?
True
Is 49991 composite?
False
Is 2098 a prime number?
False
Is 159157 a composite number?
False
Is 1064365 prime?
False
Is 9793 a prime number?
False
Is 129413 a prime number?
False
Is 164929 a composite number?
True
Is 29257 a prime number?
False
Is 430841 a composite number?
False
Is 36523 composite?
False
Is 1967 prime?
False
Is 1141541 composite?
False
Is 111451 a composite number?
True
Is 3607 prime?
True
Is 7817 a composite number?
False
Is 46727 a composite number?
False
Is 1541 a prime number?
False
Is 202183 composite?
False
Is 1272853 composite?
True
Is 142651 prime?
False
Is 375911 composite?
True
Is 203 composite?
True
Is 1024637 a composite number?
True
Is 857707 prime?
True
Is 58361 a composite number?
True
Is 120389 prime?
False
Is 15419 prime?
False
Is 1090783 a prime number?
True
Is 4703 a composite number?
False
Is 2577203 prime?
True
Is 207433 a prime number?
True
Is 12247 prime?
False
Is 20533 a prime number?
True
Is 1049 a prime number?
True
Is 764447 prime?
True
Is 535303 composite?
False
Is 7981 a composite number?
True
Is 33823 prime?
False
Is 28829 a prime number?
False
Is 1846357 composite?
False
Is 14983 a prime number?
True
Is 34057 prime?
True
Is 6443 prime?
False
Is 423389 a composite number?
False
Is 8999 composite?
False
Is 172373 a prime number?
True
Is 531181 a prime number?
False
Is 2939 a composite number?
False
Is 111037 a composite number?
True
Is 894706 prime?
False
Is 16447 composite?
False
Is 11657 a prime number?
True
Is 1020959 prime?
True
Is 50891 prime?
True
Is 898 a composite number?
True
Is 24197 a prime number?
True
Is 135295 a composite number?
True
Is 437 composite?
True
Is 21763 a prime number?
False
Is 19231 composite?
False
Is 76771 a prime number?
True
Is 26357 composite?
False
Is 8263 a composite number?
False
Is 377711 a prime number?
True
Is 33703 a prime number?
True
Is 6031 prime?
False
Is 11239 a composite number?
False
Is 421067 a prime number?
False
Is 92173 composite?
False
Is 20714 prime?
False
Is 3023921 composite?
False
Is 423977 a prime number?
True
Is 18661 a prime number?
True
Is 456657 prime?
False
Is 9722 a composite number?
True
Is 1796269 a prime number?
True
Is 113311 prime?
False
Is 513583 a prime number?
False
Is 291815 a prime number?
False
Is 5207 composite?
True
Is 456403 prime?
True
Is 587 a composite number?
False
Is 29069 composite?
True
Is 139 a prime number?
True
Is 6547 a composite number?
False
Is 14243 a prime number?
True
Is 22481 composite?
False
Is 2455523 composite?
True
Is 11777 a composite number?
False
Is 175949 prime?
True
Is 53